
16
Let q(g) = 143*g + 126. Let c be q(0). Calculate the highest common divisor of 864 and c.
18
Suppose -3*w - 40 + 55 = 0. Suppose -3*u + 2*n = -w*u + 24, -2*u - 3*n + 29 = 0. Calculate the greatest common divisor of 21 and u.
7
Suppose -160 = -4*r - r. Let k = -187 - -331. Calculate the greatest common factor of k and r.
16
Suppose 11088 + 14668 = 137*l. Let r(x) = -x**3 - 25*x**2 - x + 22. Let p be r(-25). Calculate the greatest common factor of l and p.
47
Suppose u + 2*z + 106 = 5*u, 2*z - 110 = -5*u. Calculate the greatest common factor of u and 12.
12
Let u = -167 - -2192. What is the greatest common divisor of u and 125?
25
Suppose -12*w = -14*w + 6. Suppose 129 = w*x - 171. Let t be (14/35)/(((-6)/x)/(-3)). Calculate the greatest common divisor of t and 80.
20
Suppose 7*k - 2 = -9. Let i be (-3)/6 + k*(-537)/6. Let f = i - 29. What is the greatest common divisor of 60 and f?
60
Let x = -45 + 54. Suppose 3*r - x = 0, -3*y + y + 77 = 5*r. Suppose -y = -m + 17. What is the greatest common divisor of 8 and m?
8
Let k = 34 - 32. Suppose -3*z + 83 = r + 3*r, -k*z - 4*r = -58. Suppose -z*a + 26*a - 3 = 0. Calculate the greatest common factor of a and 15.
3
Suppose 3300 = -13965*r + 13966*r. Calculate the highest common factor of 132 and r.
132
Let o be (-390258)/(-462) + (-2)/(-7). Let b = -768 + o. What is the highest common divisor of b and 77?
77
Let v = 230 - 232. Let r be (-988)/(-20) - v/(-5). Calculate the highest common divisor of 1 and r.
1
Let u be 3*(143 + (-10 - -3)) - 0. What is the greatest common divisor of 867 and u?
51
Let u(h) = 3*h - 84. Let q be u(28). Suppose q*k - 88 = -2*k. What is the greatest common factor of 33 and k?
11
Let r(s) = -s**3 - 12*s**2 + 11*s - 19. Let i be r(-13). Let z = i - -1. Let x be 6/(-3)*(-1 + 0). What is the greatest common divisor of x and z?
2
Let l(u) = -36*u**2 + 1479*u + 61. Let i be l(41). What is the highest common divisor of 782 and i?
46
Let d(u) = u - 11. Let m be d(0). Let l = 1 - m. Let b(j) = 6*j**2 + 44*j + 110. Let n be b(-7). Calculate the highest common factor of l and n.
12
Let i(w) = -w**2 + 3*w - 9. Let f be i(-22). Let k = -553 - f. What is the greatest common divisor of k and 18?
6
Let k = 16575 - 15960. What is the greatest common factor of 1107 and k?
123
Let k(q) be the third derivative of q**5/12 + q**4/3 - 2*q**3/3 + 72*q**2. Let w be k(-4). Calculate the highest common divisor of w and 33.
11
Let m(d) = 13*d - 14 + 37 - 2*d - 43*d**2 - 2*d**3 + 10*d. Let o be m(-22). Calculate the greatest common divisor of o and 135.
45
Suppose 393*g - 17576 = 56*g + 40388. What is the greatest common divisor of 592 and g?
4
Let j(u) be the third derivative of -5*u**4/24 + 55*u**3/6 - 37*u**2. Let y be j(24). Let g = 72 + y. Calculate the highest common divisor of g and 63.
7
Let k = 29657 - 19416. What is the highest common divisor of 627 and k?
209
Suppose 39*s - 4*s + 105 = 0. Let o be (186/(-18) - s)*-3. Calculate the greatest common factor of o and 550.
22
Suppose -4*o + 134 = -76*m + 77*m, m - 120 = 3*o. What is the highest common divisor of m and 2718?
18
Let i = 89 + -85. Suppose -3*a - 2 = -6*a - 4*n, -i*n = -5*a - 50. Let m(o) = -o**2 - 11*o - 21. Let t be m(a). What is the highest common factor of 117 and t?
9
Suppose -6 - 44 = -5*p. Let r = 441 + -436. Suppose r*d + 2*z = -z + 135, -2*d - 2*z = -50. Calculate the highest common divisor of p and d.
10
Let l = -201 - 98. Let p = l - -307. What is the greatest common divisor of 44 and p?
4
Suppose -5*o + 8 = -7*o, 2*o + 12 = d. Suppose 144 = 4*b - 496. Calculate the highest common divisor of b and d.
4
Let q be (-240)/(-17) - ((-2)/(-136))/((-99)/(-792)). Calculate the greatest common factor of 248 and q.
2
Suppose 0 = -5*u - 3*w + 65, -3*w = -2*u + w + 52. Suppose -13*d = -14*d + u. Calculate the highest common divisor of 64 and d.
16
Let f(c) = c - 35. Let v be f(13). Let u be (3 - v/(-10))*5. Suppose -2*g + 2*m = -92, -u*m + 220 = 4*g + m. What is the highest common factor of 20 and g?
10
Let i = -12091 - -12203. Calculate the highest common divisor of 3328 and i.
16
Let h(t) = -17*t - 334. Let z be h(-20). Let o = 215 - 362. Let b be -1 - (o/3 + 0). Calculate the greatest common factor of b and z.
6
Suppose -3*k + 2*g = -8, -k - 20 = g + 4*g. Suppose k*t + 720 = 4*t. Calculate the highest common divisor of 10 and t.
10
Let p be (3 - -32) + (0 - -1). Suppose -101 = f - 49. Let z = f + 76. What is the highest common divisor of z and p?
12
Let g(b) = -b**2 + 32*b - 29. Let w be g(21). Let l = -184 + w. What is the greatest common divisor of 8 and l?
2
Let l be (5/2 + 3)/(84/2856). What is the greatest common factor of 594 and l?
11
Let c(o) = 3*o - 37. Let s be c(41). Let r = 30 - -13. What is the highest common factor of r and s?
43
Suppose -10*j - 109 + 199 = 0. Suppose 0 = 3*q + j, 0 = -0*p - 5*p + 4*q + 187. What is the highest common divisor of p and 140?
35
Suppose 5*z - 1313 + 1268 = 0. What is the greatest common divisor of z and 3087?
9
Let f be (42/(-8))/(-21) - (-11)/4. Let d be (-4)/6*9*f/(-1). What is the greatest common factor of d and 216?
18
Suppose 368 = 22*k - 21*k + 2*y, 0 = -3*k + 4*y + 1114. Calculate the highest common factor of k and 80.
10
Let v = -317 - -351. Suppose -z - 2*a - 7 = -7*a, v = 5*z - 2*a. Calculate the highest common divisor of 536 and z.
8
Let i = 4390 - 4384. Calculate the greatest common factor of i and 831.
3
Let q(x) = -3*x**3 - 182*x**2 + 58*x - 169. Let f be q(-61). Calculate the greatest common factor of 16 and f.
2
Let m = -6 - -18. Suppose 36 + m = 3*y. Let k = 2774 + -2662. Calculate the highest common factor of k and y.
16
Let l(g) = 10*g**3 + 4*g**2 - 23*g + 53. Let p be l(4). Let k be 4/10 + 2941/85. What is the highest common factor of p and k?
35
Let i = 29748 - 29684. Suppose -o + 292 = l, 4*o - 880 = -2*l - l. What is the highest common factor of l and i?
32
Let b be (-28)/(-6) - (-280)/210. What is the highest common divisor of b and 1839?
3
Let l be 4/(-80)*-4 + (-13854)/(-5). Calculate the greatest common divisor of l and 17.
17
Let u(w) = -54*w**3 + w**2 + w. Let z be u(-1). Let i(g) = -320*g - 46. Let b be i(-2). What is the highest common factor of b and z?
54
Let u = 10 + 34. Let l = -42 + u. Let q be (-77)/(-22)*l/1. Calculate the highest common factor of q and 42.
7
Suppose 5139*p - 637 = 5126*p. What is the highest common factor of p and 833?
49
Let p(l) be the second derivative of -l**4/12 - 8*l**3/3 + 8*l**2 - 9*l - 1. Let d be p(-10). Calculate the highest common divisor of 19 and d.
19
Suppose 0 = 2*p + 3*i + 311, 3*p + 5*i + 506 = 39. Let n = -192 - p. Let g = 88 + n. What is the greatest common factor of g and 150?
50
Let r = 251 + -173. Suppose 3*v + s + 16 = r, s = 3*v - 52. What is the highest common factor of 3 and v?
1
Let d = -33 + 63. Let r be ((-2 - 1) + 2)/1. Let v be (990/(-264))/((-3)/(-4) + r). Calculate the highest common factor of d and v.
15
Let g be (26/4 - 1)*36. Let w = 228 - g. Calculate the greatest common factor of w and 15.
15
Suppose -r - 35 = -4*j, 2*j + r - 4*r = 5. Let d = 1084 + -1004. What is the highest common factor of d and j?
10
Let m(h) be the second derivative of -h**5/20 - 11*h**4/4 + 25*h**2/2 - 36*h - 2. Let k be m(-33). What is the highest common divisor of k and 75?
25
Let y(q) = 3*q**2 - 8*q + 6. Let j be y(-7). Let g(a) = 0 - 3 - 1 + 4*a + 3. Let d be g(5). What is the greatest common factor of j and d?
19
Let d(p) = 9*p**2 - 49*p + 121. Let j be d(30). Calculate the highest common factor of 43 and j.
43
Let h be (-15)/5 - (-156)/(-338)*-13. Suppose 0*m + 2*m = -6, 0 = -3*i + 4*m + 39. Calculate the greatest common factor of i and h.
3
Let b be 0 + (2 - (-64)/8) - -14310. What is the highest common divisor of 179 and b?
179
Let c be (94 - -54)*10/8. Suppose 6*d = c + 505. Calculate the highest common divisor of d and 184.
23
Suppose 0 = 31*y - 24*y - 7847. What is the highest common factor of y and 399?
19
Let y = 8090 - 7130. Calculate the greatest common divisor of 90 and y.
30
Suppose -c + 3*f + 3 = 0, -4*c + f = 2*f + 1. Suppose -12 + c = -4*x. Suppose -41 - 31 = -x*g. What is the highest common factor of g and 8?
8
Suppose -h + 301 = 269. Let i(k) = 14*k + 432. Let q be i(0). Calculate the greatest c